uppose -k = -14*b + 6*b. What is the hundreds digit of b?
0
Suppose -3*g - 28 = -5*g + 2*y, g + 3*y = 14. Suppose g*c + 6642 = 23*c. What is the hundreds digit of c?
7
Suppose -2*k + b = 553, -4*k - 3*b = -b + 1094. What is the tens digit of (-2 - 2*2)*k/22?
7
Suppose 0 = 4*j + 5*v + 6 - 1, -2*j - 4 = 4*v. Suppose j*d - 8*d = -1200. What is the tens digit of d?
5
What is the units digit of (-348)/(-609) - (-90004)/28?
5
Suppose 67*l - 51591 = 38*l. What is the tens digit of l?
7
Let f = -255 + 917. Suppose -j = -5*a - f - 172, 2*a + 2528 = 3*j. What is the hundreds digit of j?
8
Let g(k) = -102*k + 143. Let m be g(10). Let s = 69 - m. What is the hundreds digit of s?
9
Suppose -5*o - r + 92133 = -5*r, -7 = r. What is the ten thousands digit of o?
1
Let l = 17555 - 1807. What is the tens digit of l?
4
Suppose -1 = -4*i + 3*q, 5*i = -q + 3 + 22. Suppose -i*p = -4*a - 5868, 5*a + 0*p - p + 7331 = 0. What is the hundreds digit of 16/28 + a/(-7)?
2
Suppose -3*n + o = -14, 4*n - o = -n + 24. Suppose 5*v - 558 = -r, -n*v + 3*v = -r + 537. What is the hundreds digit of r?
5
Suppose 11*h - 50 - 16 = 0. Suppose -4*i = -3*f + 732, -2*i = -4*f - h*i + 1004. What is the hundreds digit of f?
2
Let a(n) = n + 11. Let i be a(-8). Suppose 2*z = i*z - 138. Suppose 2*f + z = 5*f. What is the tens digit of f?
4
Suppose 0 = -5*l - 4*l + 126. Suppose -17*x + l*x + 429 = 0. Suppose o - x = -3*f, -3*f - 6*o + 145 = -4*o. What is the tens digit of f?
4
Suppose 3*r + 5*j - 65018 = 14095, -3*j = 2*r - 52740. What is the tens digit of r?
6
Suppose 3*o - 6 = o. Suppose -4*y = o*f + f + 56, y - 43 = 2*f. Let b = 5 - f. What is the tens digit of b?
2
Suppose -3*v - 44*y + 42*y + 71 = 0, 5*y + 35 = v. Suppose -4*u = -22*n + v*n - 371, 0 = -2*u + 10. What is the hundreds digit of n?
1
Suppose -17*a + 6*a = 40*a - 58344. What is the hundreds digit of a?
1
Let z(g) = 3*g**2 - 2*g + 767. What is the hundreds digit of z(38)?
0
What is the hundreds digit of ((-490389)/(-12) - 24/(-16)) + (-42)/(-56)?
8
Suppose -4*x + 196308 = p, 4 = -5*p + 4. What is the ten thousands digit of x?
4
Let d(h) = 4*h**2 + 0*h + 5*h**3 - h**3 - 2*h**3 + 3*h. Let q be d(-3). Let u = 62 - q. What is the units digit of u?
9
Let t be (597/(-9) - -7)/((-2)/3). Let n = -317 - -494. Let c = n - t. What is the tens digit of c?
8
Let x(c) = 4*c**2 + 21*c - 103. Let w(d) = -d**3 + 10*d + 14. Let r be w(-3). What is the tens digit of x(r)?
1
Let v(s) = -1220*s - 11309. What is the units digit of v(-42)?
1
Let i = 19 + 5. Suppose -6372 = -i*z + 6*z. What is the hundreds digit of z?
3
Let l = 149 - 157. What is the hundreds digit of (-12)/l*(364 + 4)?
5
Let k(s) = -3*s + 5 + 0*s + 22*s - 1. Let n = -726 - -736. What is the units digit of k(n)?
4
Let b = 7079 + -379. What is the tens digit of b?
0
Let h be (-3)/(-30) - (-54)/60. Suppose 4*x - 19 - h = 0. Suppose 2*r = 5*t - 157, 0 = x*r + 2 + 3. What is the tens digit of t?
3
Suppose -9*l = -12*l + 5703. What is the thousands digit of l?
1
Let b = -4733 - -13712. What is the units digit of b?
9
Let k(a) = 32*a**2 + 13*a - 50. What is the hundreds digit of k(16)?
3
Suppose 0 = 9*r - 7 - 20. Suppose -5*v + 12 = r*f, -5*v = 5*f - 25 + 5. What is the hundreds digit of (-2115)/(-20) + v + (-1)/(-4)?
1
Suppose -3*z + 16*v = 13*v - 49326, z = 2*v + 16437. What is the thousands digit of z?
6
Let z(h) = -27 + 3*h - 3*h + 0*h + 2*h. Let i be z(15). Suppose i*p - 221 = -5*j, 2*p = p - 4*j + 76. What is the units digit of p?
2
Let h be -1 - -2 - (-9 - -13)/(-4). What is the tens digit of (-15)/(-6)*(-94)/(h + -3)?
3
Let m(w) = 46*w - 27. Let q be m(1). Suppose q*g - 5*g - 4844 = 0. What is the hundreds digit of g?
3
Let z = 13 + -23. Let p be ((-22)/3)/(z/255). Suppose g + 72 = p. What is the units digit of g?
5
Let w(j) = j**3 - j**2 + 17*j. Let z be (54/45)/(28/(-10) - -3). What is the hundreds digit of w(z)?
2
Suppose d = -2*g - 955, 2865 = 23*d - 26*d + 5*g. Let y = d + 1693. What is the tens digit of y?
3
Let t = -9638 - -18673. What is the tens digit of t?
3
Let o(k) = 230*k - 2598. What is the hundreds digit of o(31)?
5
Let o(a) = -5*a**3 - 2*a**2 - a - 3. Suppose -4*w + 11*w = -28. What is the units digit of o(w)?
9
Let v(k) = 450*k - 3. Let a be v(5). Suppose 18*n - a = 1713. What is the hundreds digit of n?
2
Suppose 0 = 7*a - 17 - 4. Suppose 3*r - 4*r = -a. What is the units digit of (7 - r) + 109 + 0?
3
Suppose 37596 = -170*u + 183*u. What is the hundreds digit of u?
8
What is the hundreds digit of 682192/(-21)*(-54)/48?
5
Let i(r) = 131*r**2 + 50*r - 561. What is the tens digit of i(9)?
0
Let g(v) = -3*v - 31. Suppose -2*k - 4*h + 46 = 0, -k + 4 = -h - 4. Let f be k/((2 - 1)/(-1)). What is the units digit of g(f)?
8
Suppose -8*p = -12*p + 16. Suppose -133 + 2361 = -p*w + 4*u, 4*u = 5*w + 2786. What is the hundreds digit of (-111)/(-15) - 7 - w/5?
1
Suppose 20*y - 89*y + 27*y = -934668. What is the units digit of y?
4
Let z be (70 + -36)*9/(-2). Let v = -43 - z. What is the hundreds digit of v?
1
Let h be (4 + -16)*3/(-2). Suppose -19*i + 758 = -h*i. What is the hundreds digit of i?
7
Let m(h) = h**3 + 13*h**2 + 28*h - 16. Let d be m(-10). Suppose -5*f = -3*q - 21, 5*f + d*q - 6 - 1 = 0. What is the units digit of (f - (-3 - -4))*122?
4
Let w(x) = -x**2 - 29*x + 18. Let l be w(-30). What is the tens digit of (2 + (-1760)/l)/((-4)/(-18))?
6
Suppose 110958 = 61*d - 358311 - 172451. What is the units digit of d?
0
Let b(j) = 4483*j - 4223. What is the thousands digit of b(8)?
1
Suppose 2*h = 2*o + 6952, -o + 17392 = 5*h - 9*o. What is the thousands digit of h?
3
Let x = -149 - -91. What is the tens digit of 565/7 + x/(-203)?
8
Let o(x) = 16*x + 5. Let f be o(2). Suppose -4*q + f = -59. Let p = 28 - q. What is the units digit of p?
4
Suppose 4*g - 8540 = -4*o + 55412, -5*o - 15964 = -g. What is the hundreds digit of g?
9
Suppose -2*f + 46302 = 4*l, -3498*f + 57879 = 5*l - 3494*f. What is the units digit of l?
5
Suppose -5*k + 3358 = 2*p, -94*p - 1688 = -95*p - 4*k. What is the thousands digit of p?
1
Let v(o) be the third derivative of -13*o**6/120 - o**5/30 + o**4/4 + o**3/6 - 58*o**2 + 2. What is the units digit of v(-3)?
6
Suppose -5*p = a - 388 - 15365, -3*p - 15705 = -a. What is the hundreds digit of a?
7
Let d(i) = -22*i**3 - 20*i**2 + 17*i + 190. What is the tens digit of d(-9)?
5
Suppose 24*l - 59478 = -6*l + 570462. What is the tens digit of l?
9
What is the tens digit of 569/(-3414) + (-33571)/(-6)?
9
Suppose -16510147 - 3481291 = -314*t. What is the units digit of t?
7
Suppose 2*u - 12 = 4*u. Suppose -95*y = -18*y - 154. What is the units digit of 62 + (-6)/(u/y)?
4
Suppose -4*d + 13032 = 4*f, 0 = 5*f - 17 + 7. What is the units digit of d?
6
Suppose 0 = 4*z + r - 69, 5 - 15 = -2*r. What is the tens digit of (10/(-4))/(8/z) - -593?
8
Let f(p) = -18*p**3 + 9*p**3 - 45 - 2*p**2 + p + 11*p**3 + 6*p. What is the hundreds digit of f(6)?
3
Suppose 5*f - 74 = 61. Let o(j) = -41 - 8*j + 29 + f*j. What is the hundreds digit of o(12)?
2
Let q = 42 - 40. Suppose -3*u - 2*x = -1161 - 197, 2*u = q*x + 922. Suppose b + 3 = -2*b, u = 4*h - 4*b. What is the tens digit of h?
1
Let i(z) = -4*z + 36. Let s be i(10). What is the hundreds digit of (-5 + 971)*(-2)/s?
4
Suppose 22*m - 1838 + 24300 = 0. Let y = m - -1433. What is the tens digit of y?
1
Suppose 2*s - 132 + 126 = 0. Suppose -4*h + 6230 = 4*d - h, -5*d + 7789 = s*h. What is the thousands digit of d?
1
Let i(u) = -1097*u + 1579. What is the units digit of i(-25)?
4
Let a be 0 + -1 + (-2440)/(-2). Let l = a - 596. What is the hundreds digit of l?
6
Let a(t) = -33 + 110*t + 158 + 80*t + 63*t. What is the units digit of a(6)?
3
Let f(y) = -3*y - 10. Let z be f(-5). Let c(g) = 13*g**3 - g + z*g**2 - 12*g**3 + 2 + g**2. What is the tens digit of c(-5)?
3
What is the units digit of (-2480 + -22 + 9)*30/(-9)?
0
Let a = -258 + 258. Suppose a = -10*o - 0*o + 270. What is the tens digit of o?
2
Let f = -8021 + 8066. What is the units digit of f?
5
Let s = 61905 + -35238. What is the tens digit of s?
6
Let s(f) be the first derivative of -29*f**2 - 5*f - 16. Let p = -13 + 9. What is the units digit of s(p)?
7
Let z be 2706/574 + 4/14. Let l(r) = 14*r - 48. What is the tens digit of l(z)?
2
Let y = -170 + 285. Let m = y + -51.